 the prime factors of 171*(u/3)/12?
3, 19
Suppose 222 - 4366 = -7*p. List the prime factors of p.
2, 37
Suppose 3273 = -7*d + 10518. List the prime factors of d.
3, 5, 23
Let a(k) = -k**3 - 2*k**2 + 5*k - 3. Let w be a(-4). Suppose -w = -0*h - 3*h. Suppose h*s - 13 - 49 = o, 5*o + 25 = 0. List the prime factors of s.
19
Let v(u) = 21*u**2 + 6*u + 134. List the prime factors of v(-13).
5, 7, 103
Suppose 9024 = -24*x + 30*x. What are the prime factors of x?
2, 47
Let y = -7560 + 11529. What are the prime factors of y?
3, 7
Let k be (-6)/(-27) + (-222)/27. Let t be 160/(-6)*12/k. Suppose -i + 0*i = -3*c + 112, -c - i + t = 0. List the prime factors of c.
2, 19
Suppose -20*u + 17621 = 6381. What are the prime factors of u?
2, 281
List the prime factors of 291 + (13 - (-8 + 17)).
5, 59
Let k = 396 + -280. What are the prime factors of k?
2, 29
Suppose 5*x + 2*k = 28, 2*x - 4*k - 4 = -3*k. Suppose -l = 4*l - 10, 2*q = x*l + 116. List the prime factors of q.
2, 31
Let u(b) = 242*b**2 - 54*b + 1. List the prime factors of u(3).
2017
Suppose 5*p = -5*g + 20 - 80, 4*p = -g - 42. Let y be (-41)/4 - p/40. List the prime factors of (18/15)/((-2)/y).
2, 3
Let w(j) = 11*j - 2. Suppose -2*k - 3*u + 21 = 6, 0 = -2*u - 6. Suppose 0 = -2*p - p + k. What are the prime factors of w(p)?
2, 3, 7
Suppose -2*c = -4*d - 64, 0 = 4*c + d - 3*d - 104. Let r be 165*6/27 - 8/(-6). Let m = r + c. List the prime factors of m.
2, 31
Let t(z) be the third derivative of 0*z + 0 - 2/3*z**3 - 3/20*z**5 + 1/120*z**6 + 11/24*z**4 + 3*z**2. List the prime factors of t(8).
2, 5
Suppose -2635 = 41*z - 48186. What are the prime factors of z?
11, 101
Let i be (20/6)/(6/9). What are the prime factors of 22/(22/i - 4)?
5, 11
Let s(a) = -a**3 - 9*a**2 + 9*a + 2. Let o be s(-11). Let v = -90 + o. What are the prime factors of v?
5, 11
Let v(q) = -q**2 - 13 + 28 + 2 - 10*q. What are the prime factors of v(-8)?
3, 11
Suppose 2 = 2*c - 10. Let q(s) = -s**3 + 6*s**2 - 6*s + 6. Let o be q(5). List the prime factors of (-3)/c*(-34)/o.
17
Let r be (-1)/(30/(-36) - (-1)/2). Suppose -5*k + 5*h + 507 + 53 = 0, -r*k + h = -344. List the prime factors of k.
2, 29
Suppose 4*g = -o + 4332, 15 = 183*g - 178*g. What are the prime factors of o?
2, 3, 5
Let o be (-8)/(-20) + (-426)/15. Let f = o + 141. What are the prime factors of f?
113
Let r(h) = -7 + 3*h - 9*h + 5*h. Let g be r(-11). Suppose g*l - 86 = 66. List the prime factors of l.
2, 19
Let j be (-244)/(-6) + (66/9 - 6). Let r(c) = 5*c**2 + 2*c - 2. Let z be r(-2). Suppose x - 3*u = z, -4 = 3*x - 5*u - j. What are the prime factors of x?
11
Let m(b) = b**3 + 6*b**2 - 19*b + 1. Let j be m(-8). Suppose -12 = -k + j. List the prime factors of k.
37
Suppose -4*i - 8 = -0*i. Let d = 2 - i. Suppose -d*h = 21 - 57. What are the prime factors of h?
3
Let a = -18 + 22. Suppose 0*x = -a*x + 780. Suppose -5*n + f + x - 51 = 0, n + 5*f - 34 = 0. What are the prime factors of n?
29
Let p(c) = c**3 + 7*c**2 - 2*c + 7. Let a be p(-4). Suppose -4*u = -149 - a. What are the prime factors of u?
53
Suppose 3*g + 129 - 1239 = s, 3*g = 2*s + 1110. What are the prime factors of g?
2, 5, 37
Suppose -48*o + 44*o + 4168 = 0. What are the prime factors of o?
2, 521
Let p be (1 - 0) + (-11 - -4). Let r = -8 - p. What are the prime factors of (10/25)/(r/(-70))?
2, 7
Let y be (-12)/5 + 2/5 - 27. What are the prime factors of 2/(-4)*(y - 1)?
3, 5
Let y(a) = -a + 15. Let i be y(8). Suppose 129 = 5*b + 2*z, -4*z + 1 + i = 0. Suppose 3*g + g - 43 = n, 5*n - b = -4*g. List the prime factors of g.
2, 5
Let i(w) = 7*w**2 + 2*w - 8. Let x be i(-6). Suppose 2*q + 4 - 460 = -4*o, 2*o = -3*q + x. What are the prime factors of o?
113
Suppose -2*r + 4*r - 2*q = 298, 4*r = -q + 606. What are the prime factors of r?
151
Suppose -5*s + 24 = 3*i - 46, 3*s = 2*i + 23. Let n = -14 + s. Let m(l) = 4*l**2 + 2*l - 4. List the prime factors of m(n).
2, 13
Suppose w - 2 = -0. Suppose -o = -5*u + 317, -2*o + 326 = w*u + 3*u. List the prime factors of u.
2
Let j(b) = 6*b**2 - 7*b - 18. Let n be j(7). Let s = 348 - n. List the prime factors of s.
11
Suppose -4*g + 11 = -g - 5*d, -5*d = g + 3. Suppose 0 = -2*z + g*a + 208 + 58, -5*z - 3*a + 705 = 0. List the prime factors of z.
2, 3, 23
What are the prime factors of (-1)/(8 - (-9945)/(-1243))?
11, 113
Let q be 5*(-10)/(-15)*(-150)/(-4). Suppose 0 = -19*s + 14*s + q. List the prime factors of s.
5
Suppose 2*c - p = 3*p + 18, c + 15 = -4*p. Let r(u) be the second derivative of u**4/3 + u**3/6 + 75*u. What are the prime factors of r(c)?
5
Let h be ((-676)/5)/((-34)/85). Suppose 0 = -5*n - 3*m - h + 3404, n - 5*m - 630 = 0. What are the prime factors of 3/6 + n/10?
2, 31
Suppose 9 = 3*l - c, 6*l - 3*c - 15 = l. Suppose -3*q - w + 1235 = q, -5*q - l*w = -1549. List the prime factors of q.
2, 7, 11
Let y(h) = -4*h - 23. Let q be y(-10). Let j = q - -15. List the prime factors of j.
2
Let d be (-1)/(-2) + 7/(-14). Suppose -3*v - 12 = 0, 5*b + 5*v + d*v = 0. What are the prime factors of b?
2
List the prime factors of ((-24980)/(-11) - 7) + (-1)/(-11).
2, 283
Let v = -651 - -677. List the prime factors of v.
2, 13
Suppose 0 = -6*a - 31 + 325. Suppose -2*b + b + a = -5*s, 5*b = 5*s + 145. List the prime factors of b.
2, 3
Let j be ((-4)/(-18))/1 - 38/171. Suppose 5*y - y - 324 = j. List the prime factors of y.
3
Suppose -2*q + 5*a + 4211 = 0, -2*q - q + 6310 = -a. What are the prime factors of q?
3, 701
Let w be 6/12 + (-7)/(-2). Let z = 1 + w. Suppose -3*j = 5*b - 152, 0 = z*j + 4*b - 109 - 127. What are the prime factors of j?
2, 11
Let i = -952 + 2657. What are the prime factors of i?
5, 11, 31
Let u be 1 + (-6)/9 + (-1790)/(-30). Let x = -14 + u. What are the prime factors of x?
2, 23
Let g = 15 + -22. Let o(h) = -10*h**2 + h - 1. Let w be o(1). What are the prime factors of ((-6)/w)/(g/(-385))?
3, 11
Let b(o) = 72*o - 3. Let c be b(4). Let t = c - 197. List the prime factors of t.
2, 11
Let x = 756 + -454. Suppose 3*d + 4*o = 158, -5*d + 2*o = -o - x. What are the prime factors of d?
2, 29
What are the prime factors of (-17 - -20)*4870/3?
2, 5, 487
Let s(u) = -u**3 + 18*u**2 + 18*u + 19. Let p be s(19). Suppose 5*w + w - 210 = p. List the prime factors of w.
5, 7
List the prime factors of 294 - (-4)/8*8.
2, 149
Let i(x) = -3 + 2 - 5*x + 2. Let k be i(6). Let f = k - -76. What are the prime factors of f?
47
Suppose h - 5*h + 2*y + 558 = 0, -5*h + y = -693. What are the prime factors of h?
2, 3, 23
Suppose -11*h + 14558 = -12810. What are the prime factors of h?
2, 311
Let b = 206 + -129. Let h = b - 53. What are the prime factors of h?
2, 3
Let z = -21 - -5. What are the prime factors of -2*188/z*2?
47
Let j = -7 + 4. Let y = -151 + 151. What are the prime factors of 5 - (y + 3 + j)?
5
Let s = 739 - -1259. List the prime factors of s.
2, 3, 37
Let p = 844 - -572. List the prime factors of p.
2, 3, 59
List the prime factors of 40/12*15 - 6.
2, 11
Let q(v) = -v**3 + 13*v**2 - v. Let z be q(9). Suppose -6*p + z = p. What are the prime factors of p?
3, 5
Suppose 3*w - 45 = 60. Suppose -4*i - 12 = 0, -s + 2*s = 3*i + w. List the prime factors of s.
2, 13
Let m(k) be the second derivative of k**3/6 - k**2 + 7*k. Let s be m(4). Suppose -s*y - 3*y + 65 = 0. List the prime factors of y.
13
Let w be -22 + 1 + 6/(-3). Let b = w - -104. What are the prime factors of b?
3
Suppose -5 = 2*u + 5*c, -4*u + 3*c + 3 = -26. Suppose 5*d = 2*r + u + 38, d = 2*r + 31. Let t = 5 - r. What are the prime factors of t?
19
What are the prime factors of (-28)/(-140) + 23248/10?
3, 5, 31
Let t(a) = -2*a**3 - 12*a**2 - 2*a - 6. Let j be t(-6). Suppose y - 462 = -j*y. What are the prime factors of y?
2, 3, 11
Let y be (-1)/(-1 - (-9)/12). Let q(i) = -4*i**2 + 13*i - 21. Let w(j) = 5*j**2 - 13*j + 22. Let o(s) = y*q(s) + 3*w(s). List the prime factors of o(8).
2, 11
Let n = -436 - -1254. What are the prime factors of n?
2, 409
Let c = 1120 - -112. What are the prime factors of c?
2, 7, 11
Let w(i) = i + 7. Let m be w(-5). Suppose 7*g - 25 = m*g. Suppose g*v = 4*v + 17. What are the prime factors of v?
17
Let l(k) = k**2 + 12*k - 9. Let u be l(-13). Suppose d + t - 485 = -u*d, 4*t + 172 = 2*d. List the prime factors of d.
2, 3
Suppose 56*h + 2345 = 61*h. Let t = -284 + h. List the prime fac